b**2. Let w = -26 + 21. List the prime factors of k(w).
5
Suppose -559 - 35 = 18*s. Let i = 243 - s. What are the prime factors of i?
2, 3, 23
Let a be 0 + 9 - (5 - 1). Let h(x) = 10*x**2 - 5*x + 1. Let g be h(a). Suppose 0 = 4*j + 3*s - g, -j - 3*s + 116 = j. What are the prime factors of j?
5, 11
Let j(f) = -f**3 + 5*f**2 - f - 9. Let v be j(3). What are the prime factors of 610/6 + (-4)/v?
101
Let j = 8 + 4. Suppose g + 2*g + j = q, -4*q - g = -22. List the prime factors of ((-4)/q)/((-2)/96).
2
Let s be 3 + (-2 + -1)/(6/4). List the prime factors of s/2*4 + (77 - 1).
2, 3, 13
Suppose 0 = r + 4, 4*l = -0*l + 4*r + 808. Suppose q + 4*h = 146 + 54, 2*h = -q + l. List the prime factors of q.
2, 7
What are the prime factors of 672 - 8*(-6)/12?
2, 13
Suppose 5*a - 4543 - 12322 = 0. List the prime factors of a.
3373
Suppose -a + 4 = g, -2*a = 2*g - 7*g + 13. Suppose -g*o - 120 = -5*j, 4*j = 8*j - 4*o - 104. What are the prime factors of j?
3, 7
Suppose 3*l - 574 = -4*x, 2*l + 4*x = 98 + 286. What are the prime factors of l?
2, 5, 19
Let o(b) = 2*b**2 + 7*b - 15. What are the prime factors of o(-13)?
2, 29
Let n(w) = 3*w**2 - 62*w + 16. What are the prime factors of n(27)?
23
Suppose 2*f + 4*k - 26 = -2, 0 = k - 4. Suppose 13*g - 18*g = -20. Suppose -f*r - g = -2*x + x, 2*x + 2*r = 28. What are the prime factors of x?
2, 3
Let d(h) = 5*h**3 - h**2 + 20*h + 9. Let m(r) = -2*r**3 - 10*r - 4. Let g(j) = -3*d(j) - 7*m(j). List the prime factors of g(-4).
73
Suppose s = -2*o + 280, 4*s + s = 4*o + 1344. List the prime factors of s.
2, 17
What are the prime factors of -9*(4/8)/((-3)/66)?
3, 11
Let d(k) = -2*k**3 + k**2 + 14*k - 8. Let h be d(5). Let v = h - -236. List the prime factors of v.
73
Let o = -1914 + 3241. List the prime factors of o.
1327
Let x = 21 - 15. Suppose f + x*n - 4*n = 28, -3*n + 12 = 0. List the prime factors of f*((-16)/4)/(-4).
2, 5
Suppose 301 = -s + 959. List the prime factors of s.
2, 7, 47
Let y(r) = -r - 1. Let i be y(-3). Suppose -i*x = -w - 4 - 1, 4*x = -w + 25. Suppose -3 = -4*u + w. What are the prime factors of u?
2
Let c = -997 + 1902. What are the prime factors of c?
5, 181
Let b = -1895 + 2703. What are the prime factors of b?
2, 101
Let c = -3915 + 7034. What are the prime factors of c?
3119
Suppose 52*v - 43*v = 28593. List the prime factors of v.
3, 353
Let b = -182 + 129. Let m = b - -98. Suppose 0 = 2*x - m - 9. What are the prime factors of x?
3
Suppose 23*d = 7005 + 7807. What are the prime factors of d?
2, 7, 23
Suppose 0 = -186*p + 166*p + 62400. What are the prime factors of p?
2, 3, 5, 13
Let s(y) = 58*y**2 - 3*y + 3. Let n be (-21)/84 - (-10)/8. List the prime factors of s(n).
2, 29
Suppose 57*z - 86562 = 15*z. What are the prime factors of z?
3, 229
List the prime factors of (-4)/20 + (58824/20 - -1).
2, 1471
Suppose -7*q = -5*q - 452. Let j = -119 + q. What are the prime factors of j?
107
What are the prime factors of 6/(-2) + 1 + 16 + 1372?
2, 3, 7, 11
Let a be (6 - (7 - 1))/(2 - 4). Suppose a = 2*j - 90. What are the prime factors of j?
3, 5
Let z(t) = 3*t**2 + 22*t + 34. Let v(h) = 8*h**2 + 65*h + 102. Let f(r) = 4*v(r) - 11*z(r). What are the prime factors of f(18)?
2, 17
Suppose n + 4*f - f = 45, -2*n + 5*f = -112. Suppose 5*s - 3*s - 54 = -2*l, 2*s = -l + n. What are the prime factors of s?
2, 3
Suppose -6411 = 65*j - 257051. List the prime factors of j.
2, 241
Let z(u) = -u**3 - 14*u**2 - 5*u - 52. What are the prime factors of z(-14)?
2, 3
Let z(b) = b**2 - b + 1. Let i(j) = -j**3 - 3*j**2 + 4*j - 151. Let u(p) = -i(p) - 3*z(p). What are the prime factors of u(0)?
2, 37
Let x(q) = -q**3 + 3*q**2 + 3*q + 3. Let t be x(4). What are the prime factors of (-8)/(t + 95/105)?
2, 3, 7
Let k = -2634 + 4089. What are the prime factors of k?
3, 5, 97
Let b(d) = 2*d**3 + 2*d**2 + d + 1160. What are the prime factors of b(0)?
2, 5, 29
Suppose 382 + 573 = 5*q. List the prime factors of q.
191
Suppose -373 = 2*t + 4*i + 819, i + 1783 = -3*t. Let m = 858 + t. Suppose 4*n = -0*n + m. What are the prime factors of n?
2, 3, 11
Let w = 1224 + -499. What are the prime factors of w?
5, 29
Suppose -2*j - j + 73 = 5*m, -4*m = 2*j - 52. What are the prime factors of (j/(-24))/(742/(-738) - -1)?
3, 41
Let v(n) = n**2 + 10*n + 4. Let p be v(-11). What are the prime factors of 180/(-8)*1*(-36)/p?
2, 3
Suppose -5*h = 15, 4*m = -2*h + 878 + 280. List the prime factors of m.
3, 97
Suppose 504 = -13*q + 15*q. What are the prime factors of q?
2, 3, 7
Let g(l) = -9*l**2 + 14*l - 17. Let k be g(9). List the prime factors of ((k/(-6))/(-1))/((-8)/24).
2, 5, 31
Let z = 1737 + -227. What are the prime factors of z?
2, 5, 151
Let p(w) = w**3 + 8*w**2 + 6*w + 7. List the prime factors of p(-4).
47
Let n(g) = g**3 + 19*g**2 - 17*g - 17. What are the prime factors of n(-18)?
613
Suppose -5*i - 4*k + 18 = 0, -k - 33 = -2*i - 3*i. List the prime factors of (i - 5) + (16 - -2).
19
Let c(i) = -2*i - 2. Let q be c(8). Let v = 10 + q. What are the prime factors of (18 + v)*10/4?
5
Let u(q) = -q**3 - 9*q**2 - 11*q + 7. What are the prime factors of u(-10)?
7, 31
Let k(c) = c**2 - 10*c - 8. Let t = -2 + 13. Let g be k(t). Suppose g*l - 21 = 9. List the prime factors of l.
2, 5
Suppose -8*k = -229 - 6859. What are the prime factors of k?
2, 443
Suppose 0 = -5*a + 103 + 87. Let r = 69 - 33. Suppose -a - r = -2*f. What are the prime factors of f?
37
Let h(q) = 2*q - 2. Let k be h(3). Suppose 3*f = k*d + 49, -d + 5*f - 35 = -10. Let i = d - -19. What are the prime factors of i?
3
Let u = 22 - 7. Suppose s = 4*y + 97 + 23, u = -3*y. What are the prime factors of s?
2, 5
Suppose 21*l - 18*l - 6 = 0. Suppose 119 = l*z + 19. What are the prime factors of z?
2, 5
Suppose -7*p + 9 = -4*p. Let q = p - -3. Suppose 9*s - 117 = q*s. List the prime factors of s.
3, 13
Suppose -4*j + 66 = -j. Suppose 2*d - 28 = j. What are the prime factors of d?
5
Let j be -1*(2 - 1)*-5. Suppose -5*c - 3*q - 27 = 0, -3*c + j*q - 2*q - 21 = 0. What are the prime factors of 60 + c/(-9)*-3?
2, 29
Suppose 1236 - 68 = 4*o. What are the prime factors of o?
2, 73
Suppose -5*z - i = -236, -12*i - 90 = -2*z - 8*i. List the prime factors of z.
47
Let b(o) = 7*o + 47. Let x be b(-6). Suppose -5*u + 332 = -2*u - 2*c, x*u = 2*c + 560. List the prime factors of u.
2, 3, 19
Suppose -2*t + 5*g + 20 = g, 0 = -t + 5*g + 25. Let r be (t - -10*10)*1. Suppose -w - 24 = -r. What are the prime factors of w?
2, 19
Let n = 46 - 18. What are the prime factors of n*(2 + (1 - 1))?
2, 7
Let p = -139 + 125. Let w(t) = t**3 + 16*t**2 + 15*t + 19. List the prime factors of w(p).
3, 67
Suppose -4*m = -5*q + 1, 0*q - 5*q = -5*m. Let u be ((-30)/(-40))/(q/4). Suppose -3*a = -3*n - 0*n + u, n = -5*a + 19. List the prime factors of n.
2
Let g = 14 - 20. Let q be (-30)/g*3*2. Suppose -q = -5*x - 0*x. What are the prime factors of x?
2, 3
Suppose 2*g = 2*t + 6*g + 20, 3*t = g + 5. Suppose t = -5*p + 31 + 39. Suppose 0 = -w - p + 31. List the prime factors of w.
17
Suppose 18 = 6*n - 3*n. Let o = n + 13. Suppose 37 + o = 4*z. What are the prime factors of z?
2, 7
Let n = 10 - -36. Suppose u + n + 119 = 2*a, -2*a = 5*u - 135. What are the prime factors of a?
2, 5
Let u be ((-870)/8)/(8/(-32)). Suppose 3*j - 8*j + u = 0. What are the prime factors of j?
3, 29
Let r(y) = -y**3 + 6*y**2 - 4*y - 2. Suppose 3*o - 5*z = 15, 5 = o - 7*z + 2*z. Let s be r(o). List the prime factors of 1/(s/6) + 32.
2, 17
Suppose -z + 4*b = -3368, -4*b + 19 - 7 = 0. What are the prime factors of z?
2, 5, 13
Suppose 0 = -p - 3*r + 17, -3*p - 3*r = r - 26. What are the prime factors of 4/p - (0 + -42)?
2, 11
Let q = 87 + -61. Suppose -r + 4*t = -14, 3*r - 2*r + 4*t + q = 0. List the prime factors of r + 31 + (-2 - -1).
2, 3
Let a be ((-14)/(-21))/(1/3). Let y(n) = 2*n**2 + 2*n - 2. Let l be y(a). Suppose x = -x + l. List the prime factors of x.
5
Let g = 484 + -302. What are the prime factors of g?
2, 7, 13
Let u = 44 - -255. What are the prime factors of u?
13, 23
Let b(u) = -9*u - 6*u + 4 - 16. List the prime factors of b(-7).
3, 31
Let s(z) = -2*z**3 - 5*z**2 - 5*z - 3. Let a be s(-3). Let w = -24 + a. What are the prime factors of (-12)/(w + 20/8)?
2, 3
Suppose 8 = 4*a + 3*i, a + 0*a = 5*i + 2. Suppose q - 5*l - 49 = 0, 128 = a*q + 2*